{"id":5937,"date":"2022-06-20T16:33:56","date_gmt":"2022-06-20T15:33:56","guid":{"rendered":"https:\/\/apobible.net\/de\/?post_type=product&#038;p=5937"},"modified":"2022-06-20T16:39:09","modified_gmt":"2022-06-20T15:39:09","slug":"dvd-et-si-lapocalypse-avait-raison","status":"publish","type":"product","link":"https:\/\/apobible.net\/de\/produkt\/et-si-lapocalypse-avait-raison-dvd\/","title":{"rendered":"Et si l\u2019Apocalypse avait raison ? &#8211; DVD"},"content":{"rendered":"","protected":false},"excerpt":{"rendered":"<p class=\"qtranxs-available-languages-message qtranxs-available-languages-message-de\">Leider ist der Eintrag nur auf <a href=\"https:\/\/apobible.net\/fr\/wp-json\/wp\/v2\/product\/5937\" class=\"qtranxs-available-language-link qtranxs-available-language-link-fr\" title=\"Fran\u00e7ais\">Fran\u00e7ais<\/a> verf\u00fcgbar.<\/p>\n","protected":false},"featured_media":5927,"template":"","meta":[],"product_brand":[],"product_cat":[44],"product_tag":[],"class_list":{"0":"post-5937","1":"product","2":"type-product","3":"status-publish","4":"has-post-thumbnail","6":"product_cat-dvd","8":"first","9":"instock","10":"shipping-taxable","11":"purchasable","12":"product-type-simple"},"yoast_head":"<!-- This site is optimized with the Yoast SEO plugin v27.5 - https:\/\/yoast.com\/product\/yoast-seo-wordpress\/ -->\n<title>Et si l\u2019Apocalypse avait raison ? - DVD - ApoBible<\/title>\n<meta name=\"robots\" content=\"index, follow, max-snippet:-1, max-image-preview:large, max-video-preview:-1\" \/>\n<link rel=\"canonical\" href=\"https:\/\/apobible.net\/de\/produkt\/et-si-lapocalypse-avait-raison-dvd\/\" \/>\n<meta property=\"og:locale\" content=\"de_DE\" \/>\n<meta property=\"og:type\" content=\"article\" \/>\n<meta property=\"og:title\" content=\"Et si l\u2019Apocalypse avait raison ? - DVD - ApoBible\" \/>\n<meta property=\"og:description\" content=\"(Fran\u00e7ais) Jean-Paul Lagarde, m\u00e9decin retrait\u00e9 depuis 2010, a prolong\u00e9 ses \u00e9tudes en th\u00e9ologie \u00e0 Collonges-sous-Sal\u00e8ve, France puis \u00e0 Andrews University, USA (Master). Il a rassembl\u00e9 des donn\u00e9es bibliques et arch\u00e9ologiques concernant les double-documents qui ouvrent une perspective nouvelle sur le jugement de Dieu. Il propose une \u00e9tude syst\u00e9matique du texte, verset par verset, o\u00f9 le sens des symboles est en premier lieu recherch\u00e9 dans l\u2019Apocalypse elle-m\u00eame puis dans l\u2019ensemble du texte biblique. L\u2019originalit\u00e9 de son travail porte sur la mise en \u00e9vidence de plusieurs structures superpos\u00e9es qui se r\u00e9v\u00e8lent peu \u00e0 peu au cours de la lecture, v\u00e9ritables fils d\u2019Ariane pour cheminer dans ce livre. Jean-Paul Lagarde a \u00e9t\u00e9 et continue \u00e0 \u00eatre invit\u00e9 en France comme \u00e0 l\u2019\u00e9tranger pour partager sa r\u00e9flexion.  DVD: Fran\u00e7ais, 16:9, 8 x DVD, 95 Vid\u00e9o x 23 min\" \/>\n<meta property=\"og:url\" content=\"https:\/\/apobible.net\/de\/produkt\/et-si-lapocalypse-avait-raison-dvd\/\" \/>\n<meta property=\"og:site_name\" content=\"ApoBible\" \/>\n<meta property=\"article:modified_time\" content=\"2022-06-20T15:39:09+00:00\" \/>\n<meta property=\"og:image\" content=\"https:\/\/apobible.net\/wp-content\/uploads\/2022\/06\/Apocalypse-DVD.jpg\" \/>\n\t<meta property=\"og:image:width\" content=\"600\" \/>\n\t<meta property=\"og:image:height\" content=\"853\" \/>\n\t<meta property=\"og:image:type\" content=\"image\/jpeg\" \/>\n<meta name=\"twitter:card\" content=\"summary_large_image\" \/>\n<script type=\"application\/ld+json\" class=\"yoast-schema-graph\">{\"@context\":\"https:\\\/\\\/schema.org\",\"@graph\":[{\"@type\":\"WebPage\",\"@id\":\"https:\\\/\\\/apobible.net\\\/de\\\/produkt\\\/et-si-lapocalypse-avait-raison-dvd\\\/\",\"url\":\"https:\\\/\\\/apobible.net\\\/de\\\/produkt\\\/et-si-lapocalypse-avait-raison-dvd\\\/\",\"name\":\"Et si l\u2019Apocalypse avait raison ? - DVD - ApoBible\",\"isPartOf\":{\"@id\":\"https:\\\/\\\/apobible.net\\\/de\\\/#website\"},\"primaryImageOfPage\":{\"@id\":\"https:\\\/\\\/apobible.net\\\/de\\\/produkt\\\/et-si-lapocalypse-avait-raison-dvd\\\/#primaryimage\"},\"image\":{\"@id\":\"https:\\\/\\\/apobible.net\\\/de\\\/produkt\\\/et-si-lapocalypse-avait-raison-dvd\\\/#primaryimage\"},\"thumbnailUrl\":\"https:\\\/\\\/apobible.net\\\/wp-content\\\/uploads\\\/2022\\\/06\\\/Apocalypse-DVD.jpg\",\"datePublished\":\"2022-06-20T15:33:56+00:00\",\"dateModified\":\"2022-06-20T15:39:09+00:00\",\"breadcrumb\":{\"@id\":\"https:\\\/\\\/apobible.net\\\/de\\\/produkt\\\/et-si-lapocalypse-avait-raison-dvd\\\/#breadcrumb\"},\"inLanguage\":\"de\",\"potentialAction\":[{\"@type\":\"ReadAction\",\"target\":[[\"https:\\\/\\\/apobible.net\\\/de\\\/produkt\\\/et-si-lapocalypse-avait-raison-dvd\\\/\"]]}]},{\"@type\":\"ImageObject\",\"inLanguage\":\"de\",\"@id\":\"https:\\\/\\\/apobible.net\\\/de\\\/produkt\\\/et-si-lapocalypse-avait-raison-dvd\\\/#primaryimage\",\"url\":\"https:\\\/\\\/apobible.net\\\/wp-content\\\/uploads\\\/2022\\\/06\\\/Apocalypse-DVD.jpg\",\"contentUrl\":\"https:\\\/\\\/apobible.net\\\/wp-content\\\/uploads\\\/2022\\\/06\\\/Apocalypse-DVD.jpg\",\"width\":600,\"height\":853},{\"@type\":\"BreadcrumbList\",\"@id\":\"https:\\\/\\\/apobible.net\\\/de\\\/produkt\\\/et-si-lapocalypse-avait-raison-dvd\\\/#breadcrumb\",\"itemListElement\":[{\"@type\":\"ListItem\",\"position\":1,\"name\":\"Startseite\",\"item\":\"https:\\\/\\\/apobible.net\\\/de\\\/\"},{\"@type\":\"ListItem\",\"position\":2,\"name\":\"Produkte\",\"item\":\"https:\\\/\\\/apobible.net\\\/de\\\/shop\\\/\"},{\"@type\":\"ListItem\",\"position\":3,\"name\":\"Et si l\u2019Apocalypse avait raison ? &#8211; DVD\"}]},{\"@type\":\"WebSite\",\"@id\":\"https:\\\/\\\/apobible.net\\\/de\\\/#website\",\"url\":\"https:\\\/\\\/apobible.net\\\/de\\\/\",\"name\":\"ApoBible\",\"description\":\"Prophecy in the Bibel - Apocalypse &amp; Daniel\",\"potentialAction\":[{\"@type\":\"SearchAction\",\"target\":{\"@type\":\"EntryPoint\",\"urlTemplate\":\"https:\\\/\\\/apobible.net\\\/de\\\/?s={search_term_string}\"},\"query-input\":{\"@type\":\"PropertyValueSpecification\",\"valueRequired\":true,\"valueName\":\"search_term_string\"}}],\"inLanguage\":\"de\"}]}<\/script>\n<!-- \/ Yoast SEO plugin. -->","yoast_head_json":{"title":"Et si l\u2019Apocalypse avait raison ? - DVD - ApoBible","robots":{"index":"index","follow":"follow","max-snippet":"max-snippet:-1","max-image-preview":"max-image-preview:large","max-video-preview":"max-video-preview:-1"},"canonical":"https:\/\/apobible.net\/de\/produkt\/et-si-lapocalypse-avait-raison-dvd\/","og_locale":"de_DE","og_type":"article","og_title":"Et si l\u2019Apocalypse avait raison ? - DVD - ApoBible","og_description":"(Fran\u00e7ais) Jean-Paul Lagarde, m\u00e9decin retrait\u00e9 depuis 2010, a prolong\u00e9 ses \u00e9tudes en th\u00e9ologie \u00e0 Collonges-sous-Sal\u00e8ve, France puis \u00e0 Andrews University, USA (Master). Il a rassembl\u00e9 des donn\u00e9es bibliques et arch\u00e9ologiques concernant les double-documents qui ouvrent une perspective nouvelle sur le jugement de Dieu. Il propose une \u00e9tude syst\u00e9matique du texte, verset par verset, o\u00f9 le sens des symboles est en premier lieu recherch\u00e9 dans l\u2019Apocalypse elle-m\u00eame puis dans l\u2019ensemble du texte biblique. L\u2019originalit\u00e9 de son travail porte sur la mise en \u00e9vidence de plusieurs structures superpos\u00e9es qui se r\u00e9v\u00e8lent peu \u00e0 peu au cours de la lecture, v\u00e9ritables fils d\u2019Ariane pour cheminer dans ce livre. Jean-Paul Lagarde a \u00e9t\u00e9 et continue \u00e0 \u00eatre invit\u00e9 en France comme \u00e0 l\u2019\u00e9tranger pour partager sa r\u00e9flexion.  DVD: Fran\u00e7ais, 16:9, 8 x DVD, 95 Vid\u00e9o x 23 min","og_url":"https:\/\/apobible.net\/de\/produkt\/et-si-lapocalypse-avait-raison-dvd\/","og_site_name":"ApoBible","article_modified_time":"2022-06-20T15:39:09+00:00","og_image":[{"width":600,"height":853,"url":"https:\/\/apobible.net\/wp-content\/uploads\/2022\/06\/Apocalypse-DVD.jpg","type":"image\/jpeg"}],"twitter_card":"summary_large_image","schema":{"@context":"https:\/\/schema.org","@graph":[{"@type":"WebPage","@id":"https:\/\/apobible.net\/de\/produkt\/et-si-lapocalypse-avait-raison-dvd\/","url":"https:\/\/apobible.net\/de\/produkt\/et-si-lapocalypse-avait-raison-dvd\/","name":"Et si l\u2019Apocalypse avait raison ? - DVD - ApoBible","isPartOf":{"@id":"https:\/\/apobible.net\/de\/#website"},"primaryImageOfPage":{"@id":"https:\/\/apobible.net\/de\/produkt\/et-si-lapocalypse-avait-raison-dvd\/#primaryimage"},"image":{"@id":"https:\/\/apobible.net\/de\/produkt\/et-si-lapocalypse-avait-raison-dvd\/#primaryimage"},"thumbnailUrl":"https:\/\/apobible.net\/wp-content\/uploads\/2022\/06\/Apocalypse-DVD.jpg","datePublished":"2022-06-20T15:33:56+00:00","dateModified":"2022-06-20T15:39:09+00:00","breadcrumb":{"@id":"https:\/\/apobible.net\/de\/produkt\/et-si-lapocalypse-avait-raison-dvd\/#breadcrumb"},"inLanguage":"de","potentialAction":[{"@type":"ReadAction","target":[["https:\/\/apobible.net\/de\/produkt\/et-si-lapocalypse-avait-raison-dvd\/"]]}]},{"@type":"ImageObject","inLanguage":"de","@id":"https:\/\/apobible.net\/de\/produkt\/et-si-lapocalypse-avait-raison-dvd\/#primaryimage","url":"https:\/\/apobible.net\/wp-content\/uploads\/2022\/06\/Apocalypse-DVD.jpg","contentUrl":"https:\/\/apobible.net\/wp-content\/uploads\/2022\/06\/Apocalypse-DVD.jpg","width":600,"height":853},{"@type":"BreadcrumbList","@id":"https:\/\/apobible.net\/de\/produkt\/et-si-lapocalypse-avait-raison-dvd\/#breadcrumb","itemListElement":[{"@type":"ListItem","position":1,"name":"Startseite","item":"https:\/\/apobible.net\/de\/"},{"@type":"ListItem","position":2,"name":"Produkte","item":"https:\/\/apobible.net\/de\/shop\/"},{"@type":"ListItem","position":3,"name":"Et si l\u2019Apocalypse avait raison ? &#8211; DVD"}]},{"@type":"WebSite","@id":"https:\/\/apobible.net\/de\/#website","url":"https:\/\/apobible.net\/de\/","name":"ApoBible","description":"Prophecy in the Bibel - Apocalypse &amp; Daniel","potentialAction":[{"@type":"SearchAction","target":{"@type":"EntryPoint","urlTemplate":"https:\/\/apobible.net\/de\/?s={search_term_string}"},"query-input":{"@type":"PropertyValueSpecification","valueRequired":true,"valueName":"search_term_string"}}],"inLanguage":"de"}]}},"_links":{"self":[{"href":"https:\/\/apobible.net\/de\/wp-json\/wp\/v2\/product\/5937","targetHints":{"allow":["GET"]}}],"collection":[{"href":"https:\/\/apobible.net\/de\/wp-json\/wp\/v2\/product"}],"about":[{"href":"https:\/\/apobible.net\/de\/wp-json\/wp\/v2\/types\/product"}],"wp:featuredmedia":[{"embeddable":true,"href":"https:\/\/apobible.net\/de\/wp-json\/wp\/v2\/media\/5927"}],"wp:attachment":[{"href":"https:\/\/apobible.net\/de\/wp-json\/wp\/v2\/media?parent=5937"}],"wp:term":[{"taxonomy":"product_brand","embeddable":true,"href":"https:\/\/apobible.net\/de\/wp-json\/wp\/v2\/product_brand?post=5937"},{"taxonomy":"product_cat","embeddable":true,"href":"https:\/\/apobible.net\/de\/wp-json\/wp\/v2\/product_cat?post=5937"},{"taxonomy":"product_tag","embeddable":true,"href":"https:\/\/apobible.net\/de\/wp-json\/wp\/v2\/product_tag?post=5937"}],"curies":[{"name":"wp","href":"https:\/\/api.w.org\/{rel}","templated":true}]}}

<p class="qtranxs-available-languages-message qtranxs-available-languages-message-de">Leider ist der Eintrag nur auf <a href="https://apobible.net/fr/wp-json/wp/v2/product/5937" class="qtranxs-available-language-link qtranxs-available-language-link-fr" title="Français">Français</a> verfügbar.</p>

<!-- This site is optimized with the Yoast SEO plugin v27.5 - https://yoast.com/product/yoast-seo-wordpress/ -->
<title>Et si l’Apocalypse avait raison ? - DVD - ApoBible</title>
<meta name="robots" content="index, follow, max-snippet:-1, max-image-preview:large, max-video-preview:-1" />
<link rel="canonical" href="https://apobible.net/de/produkt/et-si-lapocalypse-avait-raison-dvd/" />
<meta property="og:locale" content="de_DE" />
<meta property="og:type" content="article" />
<meta property="og:title" content="Et si l’Apocalypse avait raison ? - DVD - ApoBible" />
<meta property="og:description" content="(Français) Jean-Paul Lagarde, médecin retraité depuis 2010, a prolongé ses études en théologie à Collonges-sous-Salève, France puis à Andrews University, USA (Master). Il a rassemblé des données bibliques et archéologiques concernant les double-documents qui ouvrent une perspective nouvelle sur le jugement de Dieu. Il propose une étude systématique du texte, verset par verset, où le sens des symboles est en premier lieu recherché dans l’Apocalypse elle-même puis dans l’ensemble du texte biblique. L’originalité de son travail porte sur la mise en évidence de plusieurs structures superposées qui se révèlent peu à peu au cours de la lecture, véritables fils d’Ariane pour cheminer dans ce livre. Jean-Paul Lagarde a été et continue à être invité en France comme à l’étranger pour partager sa réflexion.  DVD: Français, 16:9, 8 x DVD, 95 Vidéo x 23 min" />
<meta property="og:url" content="https://apobible.net/de/produkt/et-si-lapocalypse-avait-raison-dvd/" />
<meta property="og:site_name" content="ApoBible" />
<meta property="article:modified_time" content="2022-06-20T15:39:09+00:00" />
<meta property="og:image" content="https://apobible.net/wp-content/uploads/2022/06/Apocalypse-DVD.jpg" />
	<meta property="og:image:width" content="600" />
	<meta property="og:image:height" content="853" />
	<meta property="og:image:type" content="image/jpeg" />
<meta name="twitter:card" content="summary_large_image" />
<script type="application/ld+json" class="yoast-schema-graph">{"@context":"https:\/\/schema.org","@graph":[{"@type":"WebPage","@id":"https:\/\/apobible.net\/de\/produkt\/et-si-lapocalypse-avait-raison-dvd\/","url":"https:\/\/apobible.net\/de\/produkt\/et-si-lapocalypse-avait-raison-dvd\/","name":"Et si l’Apocalypse avait raison ? - DVD - ApoBible","isPartOf":{"@id":"https:\/\/apobible.net\/de\/#website"},"primaryImageOfPage":{"@id":"https:\/\/apobible.net\/de\/produkt\/et-si-lapocalypse-avait-raison-dvd\/#primaryimage"},"image":{"@id":"https:\/\/apobible.net\/de\/produkt\/et-si-lapocalypse-avait-raison-dvd\/#primaryimage"},"thumbnailUrl":"https:\/\/apobible.net\/wp-content\/uploads\/2022\/06\/Apocalypse-DVD.jpg","datePublished":"2022-06-20T15:33:56+00:00","dateModified":"2022-06-20T15:39:09+00:00","breadcrumb":{"@id":"https:\/\/apobible.net\/de\/produkt\/et-si-lapocalypse-avait-raison-dvd\/#breadcrumb"},"inLanguage":"de","potentialAction":[{"@type":"ReadAction","target":[["https:\/\/apobible.net\/de\/produkt\/et-si-lapocalypse-avait-raison-dvd\/"]]}]},{"@type":"ImageObject","inLanguage":"de","@id":"https:\/\/apobible.net\/de\/produkt\/et-si-lapocalypse-avait-raison-dvd\/#primaryimage","url":"https:\/\/apobible.net\/wp-content\/uploads\/2022\/06\/Apocalypse-DVD.jpg","contentUrl":"https:\/\/apobible.net\/wp-content\/uploads\/2022\/06\/Apocalypse-DVD.jpg","width":600,"height":853},{"@type":"BreadcrumbList","@id":"https:\/\/apobible.net\/de\/produkt\/et-si-lapocalypse-avait-raison-dvd\/#breadcrumb","itemListElement":[{"@type":"ListItem","position":1,"name":"Startseite","item":"https:\/\/apobible.net\/de\/"},{"@type":"ListItem","position":2,"name":"Produkte","item":"https:\/\/apobible.net\/de\/shop\/"},{"@type":"ListItem","position":3,"name":"Et si l’Apocalypse avait raison ? &#8211; DVD"}]},{"@type":"WebSite","@id":"https:\/\/apobible.net\/de\/#website","url":"https:\/\/apobible.net\/de\/","name":"ApoBible","description":"Prophecy in the Bibel - Apocalypse &amp; Daniel","potentialAction":[{"@type":"SearchAction","target":{"@type":"EntryPoint","urlTemplate":"https:\/\/apobible.net\/de\/?s={search_term_string}"},"query-input":{"@type":"PropertyValueSpecification","valueRequired":true,"valueName":"search_term_string"}}],"inLanguage":"de"}]}</script>
<!-- / Yoast SEO plugin. -->

(Français) Jean-Paul Lagarde, médecin retraité depuis 2010, a prolongé ses études en théologie à Collonges-sous-Salève, France puis à Andrews University, USA (Master). Il a rassemblé des données bibliques et archéologiques concernant les double-documents qui ouvrent une perspective nouvelle sur le jugement de Dieu. Il propose une étude systématique du texte, verset par verset, où le sens des symboles est en premier lieu recherché dans l’Apocalypse elle-même puis dans l’ensemble du texte biblique. L’originalité de son travail porte sur la mise en évidence de plusieurs structures superposées qui se révèlent peu à peu au cours de la lecture, véritables fils d’Ariane pour cheminer dans ce livre. Jean-Paul Lagarde a été et continue à être invité en France comme à l’étranger pour partager sa réflexion.  DVD: Français, 16:9, 8 x DVD, 95 Vidéo x 23 min
